-3*i. Let x = 88 - g. What is the tens digit of x?
6
Let j be 42*(-3)/(9/14). Let d be (-2)/(-2)*(275 + 2). Let b = j + d. What is the tens digit of b?
8
Let p(c) = -49*c**3 + 2*c**2 + 15*c + 99. What is the thousands digit of p(-6)?
0
Suppose 5*i - 342 = 23. Let u be -3 + (-17 + -1)*(-4)/3. Suppose 3*k - i = 5*d + 10, k = -5*d + u. What is the tens digit of k?
2
What is the units digit of 33*1*(-724024)/(-588)?
4
Let r(h) = -6*h**3 + 2*h + 14. Let o(i) = 2*i + 2. Let p be o(-3). Let s be r(p). Suppose 0*g - 2*g + s = 0. What is the hundreds digit of g?
1
Suppose -6*w + 10 = -w. Suppose -4*u + w*s + 15 = 3, -4*u - 4 = 2*s. What is the units digit of ((-3)/9*-3 - -65) + u?
7
Let i = -17845 - -40343. What is the thousands digit of i?
2
Let f(m) be the second derivative of 1/2*m**3 - 35*m - 3*m**2 + 0. What is the units digit of f(23)?
3
Let m = -1576 - -16180. What is the units digit of m?
4
Let n(w) = 8*w - 36. Let g be n(8). Suppose -3*x + 71 = -g. Suppose p - 31 + 1 = 5*i, 0 = p - 4*i - x. What is the units digit of p?
5
Suppose -17*u + 2*u + 3135 = 0. Let b = u - 197. What is the tens digit of b?
1
Let f be -9 + 7 + 5512/2. Let n = f - 1726. What is the thousands digit of n?
1
Let y be (-8)/(-2) - (-5)/(-3 - -8). Suppose -4*i = -r + 13, 0 = 3*r + 4*i - y*i + 16. Let m(q) = -21*q + 6. What is the hundreds digit of m(r)?
1
Suppose -139*c = -141*c + 2. Let f be (1284/(-18) + c)/((-2)/(-6)). Let s = -126 - f. What is the units digit of s?
5
Let n(v) = -697*v - 1850. What is the thousands digit of n(-22)?
3
What is the units digit of (9/27*-2)/((-63527)/(-31764) + -2)?
6
Let r(k) = -27*k**3 + 14*k**2 + 55*k - 52. What is the hundreds digit of r(-5)?
3
Suppose 20*r = 9*r + 1298. Suppose 4*c - s + r = 2*s, c + 20 = -4*s. What is the tens digit of (-2776)/c - 4 - (-1)/(-7)?
9
Suppose -5*r = -2*m - 154455, -269*r + 267*r - 3*m + 61782 = 0. What is the tens digit of r?
9
Let g(a) = 76*a**2 + 7*a + 6. Suppose 122*q + 8 = 118*q. What is the units digit of g(q)?
6
Let r be (15/(-9) - -2)*816/8. Let x = r - 29. Suppose -x*h + 802 = 82. What is the hundreds digit of h?
1
Suppose 0 = 12*a + 3*a - 43935. Suppose -15*i = 1009 - a. What is the tens digit of i?
2
Let k(z) = -z**3 - 16*z**2 - 29*z + 57. What is the thousands digit of k(-22)?
3
Let j be ((-402)/8)/(-12 - (-1143)/96). Suppose -1537 + j = -7*w. What is the hundreds digit of w?
1
Suppose -177 + 583 = 7*t. Suppose 0 = -3*i + 4*i - t. Let n = i + 38. What is the units digit of n?
6
What is the hundreds digit of (-6)/21 + 96222/294?
3
Suppose -n = c - 23987, 7*n = 3*c + 4*n - 71967. What is the tens digit of c?
8
Let g(b) = -95*b - 8. Let w be g(-1). Let a be w/29*(-5)/(-3). Suppose z + 180 - 648 = -3*c, -3*c - a*z = -480. What is the units digit of c?
5
Let s(h) = 309*h**2 + 3*h + 5. Let w be s(-3). Let c = w + -1411. What is the thousands digit of c?
1
What is the hundreds digit of 2*((-2)/4 + (-41133)/(-6))?
7
Let q(i) = -i**3 + 7*i**2 + i + 2. Let y be q(6). Suppose y*h - 35*h - 2502 = 0. What is the tens digit of h?
7
Let f = 1896 + -10168. What is the units digit of (-1 + 4)/((-24)/f)?
4
Let h = -5347 - -14557. What is the tens digit of h?
1
Let c = -6412 + 11437. Suppose 25644 - c = 29*r. What is the tens digit of r?
1
Suppose -33*b + 29*b + 18278 = n, 3*n + 6 = 0. What is the thousands digit of b?
4
Suppose -135*n = -137*n + q + 52068, 3*q - 6 = 0. What is the thousands digit of n?
6
What is the thousands digit of (7 - (-507)/(-6))*(-4860)/50?
7
Let m = -212 - -212. Suppose 13*r - 11*r - 860 = m. What is the tens digit of r?
3
Let c(a) = 49*a - 54. Let u be 14 - 1 - 26/13. What is the tens digit of c(u)?
8
Suppose 0 = 3*t + 5*i - 1161, 23*t = 21*t + i + 748. What is the tens digit of t?
7
What is the ten thousands digit of (9 + 3)/((4/20210)/((-364)/(-455)))?
4
Let t(j) = 7*j**2 - 5*j + 16. Let g be t(-7). Suppose -g = -4*b + 290. What is the tens digit of b?
7
Suppose 4*j - 15 = 1. Let g be (-2)/(-4)*56 + j. What is the tens digit of 2/3*48/g + 120?
2
Let a(x) = 89*x**2 - 51*x - 519. What is the hundreds digit of a(26)?
3
Let z(y) = -373*y - 12. Let h(s) = 372*s + 13. Let g(l) = -6*h(l) - 7*z(l). What is the hundreds digit of g(1)?
3
Let x(s) = 98*s + 16. Let l be x(-12). Let z = -695 - l. What is the tens digit of z?
6
Suppose 4*v = 2*q + 18, -2*v + v = 4*q + 9. Suppose 2*d - v*i = 272, 2*i + 144 - 8 = d. Let t = d - 27. What is the tens digit of t?
0
Let c be (-5)/(-25) + -1 - (-6990)/50. Suppose 0*b + 3*u = 4*b - 6, -b + 4 = -2*u. Let h = b + c. What is the hundreds digit of h?
1
Let d be (-5)/1 + 10*29. Let r = 113 + d. Suppose 2*w + 5*v = 382, 0*w - 2*w = v - r. What is the tens digit of w?
0
Let w(j) = 5*j**2 + 2*j + 3. Suppose 0 = -3*k + n - 23, -3*k = 3*n - 7*n + 29. What is the tens digit of w(k)?
3
Suppose -7*v + 135 = -6*v. Let s = 498 - v. What is the hundreds digit of s?
3
What is the units digit of (-3 - 640)/((-5)/175)?
5
Suppose -a - 7 + 4 = 0, -5*b - 3259 = 3*a. Let u = -421 - b. Suppose u = v + 26. What is the tens digit of v?
0
Suppose 28*l + 12 = 96. Suppose 0 = -l*r + 4*o + 524, -26*r = -24*r + o - 331. What is the units digit of r?
8
Let y(c) = c**3 + 7*c**2 - 7*c - 4. Let p be ((-2)/(-5))/((-3)/60). Let v be y(p). What is the tens digit of (-138)/(-2) + 1 + (-13 - v)?
6
Let h = 12086 + -1581. What is the hundreds digit of h?
5
Suppose -72 = -9*o - 0*o. Suppose -4641 + 289 = -o*t. What is the tens digit of t?
4
Let p(u) be the third derivative of u**5/60 + u**4/8 - u**3/6 + 29*u**2 - 3*u. Let r = 9 - 13. What is the units digit of p(r)?
3
Suppose k + h + 137 = 0, -4*k + 3*h - h - 530 = 0. Let n = k + -41. Let o = n + 309. What is the hundreds digit of o?
1
Suppose -2*n - 33 + 2 = -r, -5*r + 137 = -n. Suppose -61 = -a - 2. Let b = a - r. What is the units digit of b?
2
Let v(i) = -i**3 + 5*i**2 + 4*i - 2. Let d be v(3). Suppose 119 = -5*q - 2*h + d, 2*q + 19 = 5*h. Let x = 68 - q. What is the tens digit of x?
8
Let r be -1 + (3 - 1*(1 - 2)). Suppose r*q - 5*q + 1268 = 5*p, p = -3*q + 251. What is the tens digit of p?
5
Suppose -5*d = 2*z + 618, 5*d - d + 5*z + 508 = 0. Let k = d + 134. What is the tens digit of k?
1
Let i(p) = p**3 + 25*p**2 - 50*p + 37. What is the hundreds digit of i(21)?
2
Let v(u) = -u**3 - 15*u**2 - 30*u + 46. Let t be v(-14). Suppose 0 = 5*k - 1075 - t. What is the tens digit of k?
6
Suppose -2*r - 1 + 1 = 0. Suppose -4*m + r*m = -5*z - 20, 4*z + 16 = 0. Suppose -4*g + m*g + 8 = 3*h, -20 = 5*h. What is the units digit of g?
5
Let n = -24134 + 29855. What is the units digit of n?
1
Suppose -51704*r - 15896 = -51706*r. What is the units digit of r?
8
Suppose 4*n + 5*f - 17 - 6 = 0, -2*n = 4*f - 16. Suppose 2*c = -4*s + 1042, n*s = 4*c - 8*c + 2066. What is the tens digit of c?
1
Let w = -396 + 604. Let x = -61 + w. Let d = x - 100. What is the tens digit of d?
4
Suppose -5*d = 89 - 114. Suppose d*q - 418 - 1177 = 0. What is the units digit of q?
9
Suppose 2*y + 5*u - 610 - 701 = 0, -10 = -2*u. Let j = y - 169. What is the tens digit of j?
7
Let t = 38 + -36. Suppose -t*s = k - 1185, -2*s - 5*k + 942 + 239 = 0. What is the units digit of s?
3
Suppose -4332 = -23*y - 34*y. Suppose -4*h + 34 = q, -4*q + 11 = 4*h - 17. Suppose h*t + y = 13*t. What is the units digit of t?
9
Suppose -t + 5 = 0, 4*c + 13*t = 17*t + 860. Suppose 4 + 0 = -2*z, -d = 3*z - c. What is the hundreds digit of d?
2
Let g(y) = -2*y**2 + 3*y + 2450. What is the thousands digit of g(0)?
2
Let v = 10 - 1. Let r be (-9357)/(-9) + 3/v. Suppose 8*c + 0*c = r. What is the hundreds digit of c?
1
Let n be (-1 - 0/4)*0 + 2. Suppose f = -4*y - f - 30, 2*y + n*f = -12. Let c = 43 - y. What is the units digit of c?
2
Let s(p) = -p - 10*p - 6*p + 41*p**2. What is the units digit of s(-5)?
0
Let z(l) = 79*l**2 + 12*l - l**2 - 6*l - 7. Let w(o) = 94*o + 189. Let u be w(-2). What is the tens digit of z(u)?
7
Let y be 68 + 2/(12/42). What is the units digit of 45/y + 13974/10?
8
Let l(f) = -91*f - 400. What is the units digit of l(-85)?
5
Let j(k) = k**2 + 38*k - 1207. What is the tens digit of j(29)?
3
Suppose -20 = 5*t, -12*t = -x - 16*t + 315. Let k = x + -71. What is the hundreds digit of k?
2
Let p be (-7 - -8)*3/1. Suppose p*m - 11 = 4, -t + m + 87 = 0. What is the tens digit of t - ((-32)/1